prime factors of 1037649.
3, 29, 11927
What are the prime factors of 82890?
2, 3, 5, 307
List the prime factors of 1656313.
1656313
What are the prime factors of 219089?
13, 19, 887
What are the prime factors of 10177?
10177
What are the prime factors of 507048?
2, 3, 37, 571
List the prime factors of 44268.
2, 3, 7, 17, 31
What are the prime factors of 8069793?
3, 2689931
What are the prime factors of 2331084?
2, 3, 7, 27751
What are the prime factors of 66835?
5, 13367
List the prime factors of 6833068.
2, 11, 97, 1601
List the prime factors of 89865.
3, 5, 1997
What are the prime factors of 31731?
3, 7, 1511
What are the prime factors of 1193870?
2, 5, 277, 431
What are the prime factors of 2170226?
2, 1085113
What are the prime factors of 41118?
2, 3, 7, 11, 89
List the prime factors of 315732.
2, 3, 83, 317
List the prime factors of 583221.
3, 61, 3187
What are the prime factors of 1187426?
2, 61, 9733
List the prime factors of 525404.
2, 11, 11941
List the prime factors of 8240313.
3, 73, 191, 197
What are the prime factors of 658487?
658487
What are the prime factors of 67766?
2, 31, 1093
List the prime factors of 577981.
577981
What are the prime factors of 2038295?
5, 7, 58237
List the prime factors of 1599865.
5, 319973
List the prime factors of 7591279.
19, 399541
List the prime factors of 1514461.
13, 97, 1201
What are the prime factors of 143578?
2, 71789
What are the prime factors of 98504?
2, 7, 1759
What are the prime factors of 323472?
2, 3, 23, 293
What are the prime factors of 821478?
2, 3, 7, 19559
What are the prime factors of 1283216?
2, 11, 23, 317
What are the prime factors of 144892?
2, 11, 37, 89
List the prime factors of 2327683.
2327683
List the prime factors of 19840810.
2, 5, 11, 180371
What are the prime factors of 758681?
7, 11, 59, 167
List the prime factors of 8060475.
3, 5, 107473
What are the prime factors of 179466?
2, 3, 7, 4273
What are the prime factors of 8433744?
2, 3, 11, 15973
What are the prime factors of 297152?
2, 4643
What are the prime factors of 32961?
3, 10987
What are the prime factors of 7746155?
5, 439, 3529
List the prime factors of 641431.
7, 43, 2131
List the prime factors of 711456.
2, 3, 7411
List the prime factors of 23589.
3, 2621
List the prime factors of 1243.
11, 113
List the prime factors of 76397.
241, 317
List the prime factors of 16155.
3, 5, 359
List the prime factors of 388739.
13, 17, 1759
What are the prime factors of 2767652?
2, 43, 16091
List the prime factors of 7013582.
2, 241, 14551
List the prime factors of 549407.
263, 2089
List the prime factors of 2749744.
2, 89, 1931
What are the prime factors of 1605278?
2, 113, 7103
What are the prime factors of 87389?
31, 2819
What are the prime factors of 618049?
618049
List the prime factors of 4443407.
929, 4783
List the prime factors of 1119565.
5, 31, 233
What are the prime factors of 214375?
5, 7
List the prime factors of 686699.
13, 101, 523
List the prime factors of 425107.
425107
What are the prime factors of 22429207?
1459, 15373
What are the prime factors of 4833437?
7, 690491
List the prime factors of 2965592.
2, 7, 52957
What are the prime factors of 106976?
2, 3343
What are the prime factors of 2735?
5, 547
List the prime factors of 887928.
2, 3, 36997
What are the prime factors of 150302?
2, 223, 337
What are the prime factors of 248748?
2, 3, 19, 1091
What are the prime factors of 491964?
2, 3, 11, 3727
What are the prime factors of 360380?
2, 5, 37, 487
What are the prime factors of 2554666?
2, 859, 1487
What are the prime factors of 2045862?
2, 3, 7, 13, 1249
What are the prime factors of 3761897?
3761897
List the prime factors of 3917267.
3917267
What are the prime factors of 461299?
461299
List the prime factors of 3744881.
7, 19, 37, 761
List the prime factors of 161082.
2, 3, 19, 157
List the prime factors of 18395770.
2, 5, 53, 61, 569
What are the prime factors of 557418?
2, 3, 61, 1523
List the prime factors of 1365037.
1365037
What are the prime factors of 2753915?
5, 17, 179, 181
List the prime factors of 214103.
251, 853
List the prime factors of 5021688.
2, 3, 7, 71, 421
List the prime factors of 3637755.
3, 5, 11, 7349
List the prime factors of 618725.
5, 24749
What are the prime factors of 2366148?
2, 3, 23, 8573
What are the prime factors of 119209?
23, 71, 73
List the prime factors of 8399802.
2, 3, 17, 82351
List the prime factors of 1605413.
1605413
What are the prime factors of 3186950?
2, 5, 13, 4903
List the prime factors of 3448760.
2, 5, 7, 109, 113
What are the prime factors of 207221?
7, 4229
List the prime factors of 397916.
2, 31, 3209
List the prime factors of 154797.
3, 51599
List the prime factors of 3292743.
3, 683, 1607
List the prime factors of 125838.
2, 3, 6991
What are the prime factors of 177095?
5, 35419
List the prime factors of 6715248.
2, 3, 139901
What are the prime factors of 23924?
2, 5981
List the prime factors of 170674.
2, 7, 73, 167
What are the prime factors of 4327651?
1607, 2693
List the prime factors of 15840.
2, 3, 5, 11
List the prime factors of 10982333.
89, 123397
List the prime factors of 14969137.
97, 154321
List the prime factors of 3925754.
2, 7, 280411
List the prime factors of 484839.
3, 17957
What are the prime factors of 13687350?
2, 3, 5, 91249
What are the prime factors of 1080641?
79, 13679
What are the prime factors of 32142?
2, 3, 11, 487
List the prime factors of 5075.
5, 7, 29
What are the prime factors of 691037?
691037
List the prime factors of 1111688.
2, 79, 1759
What are the prime factors of 241129?
7, 19, 37
List the prime factors of 405108.
2, 3, 11, 31
What are the prime factors of 34787818?
2, 13, 359, 3727
List the prime factors of 7668839.
7668839
What are the prime factors of 385651?
7, 37, 1489
What are the prime factors of 20357241?
3, 137, 49531
List the prime factors of 262588.
2, 65647
What are the prime factors of 172799?
11, 23, 683
List the prime factors of 368423.
11, 33493
List the prime factors of 672443.
672443
What are the prime factors of 24906844?
2, 41, 151871
What are the prime factors of 287182?
2, 7, 73, 281
What are the prime factors of 494910?
2, 3, 5, 13, 47
List the prime factors of 7283549.
7, 13, 80039
What are the prime factors of 844935?
3, 5, 7, 13, 619
What are the prime factors of 5486893?
421, 13033
What are the prime factors of 707221?
43, 16447
What are the prime factors of 410821?
109, 3769
List the prime factors of 379496.
2, 13, 41, 89
What are the prime factors of 14684163?
3, 13, 47, 8011
List the prime factors of 29624853.
3, 9874951
What are the prime factors of 381162?
2, 3, 63527
What are the prime factors of 2584910?
2, 5, 258491
List the prime factors of 922810.
2, 5, 7, 13183
List the prime factors of 196502.
2, 98251
What are the prime factors of 151471?
151471
What are the prime factors of 5699032?
2, 23, 47, 659
List the prime factors of 466733.
466733
List the prime factors of 516488.
2, 7, 23, 401
List the prime factors of 8830.
2, 5, 883
List the prime factors of 13551731.
19, 37, 521
List the prime factors of 1241980.
2, 5, 62099
List the prime factors of 33494219.
11, 3044929
What are the prime factors of 260639?
97, 2687
List the prime factors of 39139578.
2, 3, 724807
What are the prime factors of 1389504?
2, 3, 7237
List the prime factors of 267211.
7, 59, 647
What are the prime factors of 2029008?
2, 3, 41, 1031
What are the prime factors of 13235435?
5, 17, 47, 3313
List the prime factors of 22336.
2, 349
What are the prime factors of 6036916?
2, 1509229
List the prime factors of 383260.
2, 5, 19163
What are the prime factors of 10212550?
2, 5, 204251
List the prime factors of 254100.
2, 3, 5, 7, 11
List the prime factors of 29273304.
2, 3, 1219721
List the prime factors of 1155543.
3, 23, 16747
What are the prime factors of 8790340?
2, 5, 13, 33809
What are the prime factors of 2732593?
2732593
List the prime factors of 1166170.
2, 5, 277, 421
What are the prime factors of 15530?
2, 5, 1553
List the prime factors of 240239.
79, 3041
List the prime factors of 5022878.
2, 7, 19, 23, 821
List the prime factors of 762878.
2, 381439
What are the prime factors of 21011445?
3, 5, 7, 13, 733
What are the prime factors of 972259?
972259
List the prime factors of 129068.
2, 4